) = 14*f**2 - 7*f - 269. Let b be m(-9). Calculate the greatest common factor of b and 696.
232
Suppose 2*j - k = 17, -7*j + 3*j = 3*k - 29. Suppose 4*p = y + 78 + 156, 0 = -4*y + 8. Suppose p + 121 = 9*h. What is the highest common divisor of j and h?
4
Let q(o) = 4*o - 87. Let d be q(22). Let j be (((-134)/(-5))/((-19)/(-190)))/d. Calculate the highest common divisor of j and 4.
4
Let d be (-1108330)/(-1918) - (-1)/7. What is the greatest common divisor of 544 and d?
34
Suppose 8*q + 600 = 24. Let n = 12 - q. Suppose 5*b + n = 1604. What is the highest common divisor of b and 38?
38
Let l be (-6)/(-4) + 1062/4. Suppose -2*z - 119 = -l. Let j = -34 + z. What is the highest common factor of j and 8?
8
Let x be (966/(-690) - (-4)/10) + 3499. Calculate the highest common factor of 66 and x.
66
Suppose -4*n + 10657 = -3*h - 0*n, 4*n + 8 = 0. Let s be (-4)/34 + h/(-17). What is the highest common factor of s and 38?
19
Let f(n) = 135*n**2 + n. Let s be f(1). Let i be (6/(-10))/((6/20)/(-3)). Suppose -i*y + 40 = -62. What is the greatest common divisor of y and s?
17
Let y(w) = 8*w**3 - 13*w**2 + 21*w - 13. Let l be y(4). Calculate the greatest common divisor of 3 and l.
3
Suppose 5*o = -4*h + 259, 156*h - 161*h + 200 = 4*o. What is the greatest common factor of o and 3113?
11
Let n be (-13 - 1) + 27 + (-3)/4*-4. Suppose -2*t = 3*x - 208, 3*x - 2*x - 56 = -4*t. What is the greatest common factor of x and n?
8
Let c be ((-14)/(392/(-189)))/(16/1472). What is the highest common factor of c and 115?
23
Suppose 9885 + 965 = 38*f - 550. Calculate the highest common divisor of 7260 and f.
60
Let k = 2448 - 1776. Calculate the highest common divisor of 63 and k.
21
Suppose -42*t - 8 = -46*t + 2*w, -5*t - 5*w = 20. Suppose -o + 20 = 1. Suppose t = y - o*y + 522. What is the greatest common factor of y and 116?
29
Suppose 4*n - 176 = 2*n. Let z be (n/(-6))/(30/(-90)). Let f = z + -20. What is the greatest common divisor of 264 and f?
24
Suppose 28 + 27 = 11*y. Suppose 6*z - 33 = 5*z - 3*n, 0 = -z - y*n + 43. What is the greatest common factor of z and 576?
18
Suppose -2*r - 11 = -41. Let n be (3/r*-2)/((-3)/90). Suppose k = -n*k + 39. Calculate the greatest common factor of 21 and k.
3
Let o be (-8)/5 + (1*103)/(-69 + 74). Let f(g) = -g**3 + g**2 + 475. Let l be f(0). Calculate the highest common divisor of l and o.
19
Suppose 3*j + 2*z - 462 = 0, 770 = 5*j + 2*z + z. What is the greatest common divisor of j and 266?
14
Let n = -2 - 7. Let z = 3 - n. Let i = -822 + 834. Calculate the highest common divisor of z and i.
12
Let g(k) be the first derivative of 2*k**3/3 + 15*k**2 - 21*k + 21. Let f be g(-16). Suppose -7*l = 2*l - 99. What is the highest common divisor of f and l?
11
Suppose -5*j + 2235 = 5*w, -w - 132 = 2*j - 576. Calculate the greatest common divisor of w and 250.
50
Suppose 1996 + 3557 = 7*t - 10064. Calculate the greatest common factor of 46 and t.
23
Let q = 15 + -11. Suppose -29*z = 200 + 32. Let p be 32/12*3 - z/(-2). What is the greatest common factor of q and p?
4
Suppose 0 = -0*s - s + 4*s. Suppose -3*b + s = -6. Let a be -1 + 4 + b/(1 + -3). Calculate the highest common divisor of a and 16.
2
Let h(d) = -15 - d**3 - 743*d**2 - d + 0*d + 740*d**2. Let x = -100 + 95. Let g be h(x). What is the highest common factor of 5 and g?
5
Suppose 29*j - 13472 = -62801. Let k = -1129 - j. What is the highest common divisor of 52 and k?
52
Let u be (-19)/(2/(-20)*2). Let c(i) = 147*i**2 - 865*i + 12. Let b be c(6). What is the highest common factor of u and b?
19
Let m(g) = -g**3 - 33*g**2 + 97*g + 452. Let h be m(-39). Calculate the greatest common factor of 95 and h.
95
Let l be 222/1665 + ((-14748)/135)/((-2)/3). Calculate the greatest common divisor of l and 4.
4
Let t = -27 - -47. Suppose k - 50 = 2*k. Let u be 48/5 + (-20)/k. Calculate the highest common divisor of u and t.
10
Let c(d) = -d**3 + 8*d**2 + 3*d - 1. Let n be c(3). What is the greatest common factor of 17 and n?
1
Let q be 174/27 + ((-935)/99 - -9). Let k be ((-2)/6)/((-1)/537). Let n = k - 113. Calculate the greatest common divisor of n and q.
6
Suppose 2*m - 42*l + 51*l - 12364 = 0, 5*m + 2*l = 30787. What is the highest common factor of 10 and m?
5
Suppose -5*d + 154 = -2*p, 16*d = 17*d - p - 32. What is the greatest common factor of 1596 and d?
6
Suppose 38*j - 43*j - 2585 = 0. Let b = j + 527. Let d be 284/14 - 2/7. Calculate the greatest common divisor of b and d.
10
Let z be -3*(1 + 0) + 12283/71. Calculate the greatest common divisor of z and 3332.
34
Let v be ((-540)/(-50))/(57/4370). Calculate the greatest common factor of v and 48.
12
Let t be ((-245925)/8)/(-25) - 9/(-24). Calculate the highest common factor of t and 5.
5
Let q = 129 - 126. Suppose -q*x = -2*j - 120, -3*x - 4*j + 80 = -40. Calculate the highest common factor of 1 and x.
1
Let b(h) = -h**2 + 65*h - 575. Let x be b(11). Calculate the greatest common factor of 3287 and x.
19
Let b(q) = -q**2 - 18*q - 64. Let f(w) = -3*w**2 - 54*w - 191. Let y(a) = 7*b(a) - 2*f(a). Let o be y(-10). Calculate the highest common factor of o and 168.
14
Let t = -85 + 52. Let l be 55/t + 22/6. Suppose -3*v - l*v = -440. What is the highest common divisor of v and 22?
22
Suppose 2*m + 4*b = 2 + 6, -4 = -m + b. Suppose m*o + 7 = -25. Let a(v) = -16*v + 26. Let f be a(o). Calculate the greatest common factor of f and 22.
22
Suppose -5*v + 161 = g, -5*g - v = -3*g - 331. Let c = g - 116. What is the highest common factor of 25 and c?
25
Let v(x) = x**2 - 14*x - 32. Let n be v(-8). Suppose 17 = 5*u - 3. Let o = u + 14. What is the greatest common factor of o and n?
18
Let n be 132/((-9)/((-540)/40)). Suppose 0 = 5*a - 2*b - b - 102, 2*a = -b + 32. Calculate the highest common factor of n and a.
18
Let l(y) = 60*y - 22. Let z be l(4). Let q = -138 + z. What is the greatest common divisor of q and 48?
16
Let s(j) = -13*j**3 + 6*j**2 + 3*j + 3. Let r be s(-1). Suppose r*n - 510 = 459. What is the greatest common factor of 408 and n?
51
Let i(x) = 14*x**3 + 10*x**2 - 4*x + 6. Let g be i(3). What is the highest common factor of 165 and g?
33
Let p = -16127 - -17653. Calculate the greatest common factor of p and 126.
14
Let c(p) = -p**3 + 11*p**2 + 8*p - 13. Let g be c(11). Let k = -70 + g. Suppose k*n = 228 + 22. What is the greatest common factor of 25 and n?
25
Let j(f) be the first derivative of -f**4/4 + 4*f**3 + 5*f**2 - 32*f - 89. Let n be j(6). What is the highest common factor of n and 4?
4
Let h = -2755 - -6944. What is the highest common divisor of 59 and h?
59
Suppose -88*f - 8*f + 26112 = 0. What is the greatest common factor of 1241 and f?
17
Suppose 42*j - 45*j + 282 = 0. Suppose -3*v + 338 = -j. Calculate the greatest common divisor of v and 18.
18
Suppose 14*h - 11659 = 619. Let w = -435 + h. What is the greatest common divisor of 68 and w?
34
Let u be 32*(-1)/(-4)*14. Suppose 21*l = -85*l - 125 + 1609. What is the greatest common factor of l and u?
14
Suppose a = -2*z - 1, -44*z = 3*a - 43*z - 22. Let x(d) = d - 7. Let v be x(7). Suppose -54 = -3*j - v*j. Calculate the highest common divisor of a and j.
9
Suppose 3*l - 74 + 26 = 0. Let b be (-2)/((-7)/5 + 1). Suppose 0 = -3*v + b + 19. What is the highest common factor of v and l?
8
Let l(h) = -h**3 - 9*h**2 - 10*h + 1. Let d be l(-8). Let g be 14/63 + 1661/99. What is the highest common factor of g and d?
17
Let m = 182 - 178. Suppose -m*z + 5*n + 430 = 0, 65 = 4*n + 73. Calculate the greatest common factor of z and 168.
21
Let b = 8835 + -8571. Calculate the highest common divisor of b and 2442.
66
Let h(i) = -363*i + 1458. Let c be h(4). What is the highest common factor of 186 and c?
6
Let a(v) = 47*v**3 + v**2 + 94*v - 264. Let r be a(3). What is the greatest common factor of r and 198?
18
Let q(j) = j**3 - 2*j**2 - 21*j - 5. Let x be q(10). Suppose 5*b - x = -40*b. What is the highest common factor of b and 585?
13
Let r = 39 - 26. Suppose 5*x - 4*q = 444, -2*q + r - 5 = 0. Calculate the greatest common factor of 4 and x.
4
Let z = 42 - 18. Let u = -78 + z. Let q = u - -96. Calculate the greatest common divisor of 6 and q.
6
Suppose 13*f + 28 = 20*f. What is the highest common divisor of 5 and f?
1
Suppose 5*x - 968 = 4*j, 2*x + 4*j - 305 = 71. Suppose -4*a +